 -2*u**2 + 1. Let v be j(1). Let s = -1 - v. Suppose s = -4*q - 0*m - 5*m + 7, 0 = 3*q - 5*m - 14. What is the units digit of q?
3
Suppose -y + 384 = 3*y. What is the tens digit of y?
9
Suppose -5*p + 34 = -c, -3*p + 6 = 2*c + c. Suppose 0 = -2*a + 47 + 43. Suppose p*q - q = a. What is the units digit of q?
9
Let z = 0 + 1. Let n be (2 - z)*(-3)/(-1). Let p = n - -5. What is the units digit of p?
8
What is the tens digit of (-3 + -5)/((-2)/16)?
6
Let g(q) be the second derivative of -q**4/12 + 5*q**3/3 + 2*q**2 - 2*q. Let m be g(9). Let h = m + -8. What is the units digit of h?
5
Let c = -3 - -6. Let l(x) = -2*x - 4. Let u(h) = -2*h - 3. Let q(a) = 5*l(a) - 6*u(a). What is the units digit of q(c)?
4
Suppose j = 0, 159 = 2*t - j - 41. What is the tens digit of t?
0
Let f(g) = g**3 - 9*g**2 + 10*g - 6. What is the tens digit of f(8)?
1
Let x = 0 + 0. Suppose 4*n - 2*d = 76, -2*n + 5*d - 6 + 44 = x. What is the tens digit of n?
1
Let o = 4 + -2. Suppose 4*n - 5*n + 4*h = 15, -o*n - 3*h = -25. What is the units digit of n?
5
Let n(d) = -d**3 + 6*d**2 - 8*d + 7. Let y be n(5). Let o = y - -15. Suppose o*x - 32 = 3*x. What is the units digit of x?
8
Suppose 17*g + 173 = 18*g. What is the units digit of g?
3
Let m(k) = -10*k - 1. What is the tens digit of m(-4)?
3
Let r = -29 - -2. Let w = -15 - r. What is the units digit of w?
2
Let k(d) be the second derivative of -d**5/20 + 5*d**4/12 + 7*d**3/6 + 3*d**2/2 - d. Let a be k(6). What is the units digit of a + (-2 - -1) + 0?
8
Let g(d) = 3*d**2 - 16*d - 45. What is the hundreds digit of g(13)?
2
Let y(t) be the first derivative of -3 + 2*t**3 - 5/2*t**2 - 1/4*t**4 + t. What is the units digit of y(4)?
3
Let j be 56/8 + 3/1. Let r = 15 - j. What is the units digit of r?
5
Suppose -d = -w - 50, d - 2*w = 7 + 48. What is the tens digit of d?
4
Let d be (-108)/30*(-80)/(-12). Let g = -43 - -29. Let u = g - d. What is the units digit of u?
0
Let y be 2 - 2/((-1)/(-1)). What is the units digit of (y - 6)*12/(-8)?
9
Suppose -k + 6*k + 10 = -b, 30 = b - 5*k. Let z(s) = s + 4. Let a be z(b). Suppose -3*c + 5*c = a. What is the units digit of c?
7
What is the tens digit of 4/(20/(-5)) - -80?
7
Let i(q) = 0 + 3*q - 5*q - 1. Let z be i(1). Let x = z + 7. What is the units digit of x?
4
Let r(o) = 5*o**2 - 4*o - 1. What is the tens digit of r(3)?
3
Let n(c) = -c - 4. Let v be n(-6). Suppose v*s - 3*s + 4 = 0. Suppose 4*u + 5*r - 77 = 0, 0 = s*u - r - r - 42. What is the units digit of u?
3
Let v = -1 + 3. Suppose 4*u + 10 = -v*x, 2*u - 6*u = -5*x - 25. Suppose 4*f + 0*f - 8 = u. What is the units digit of f?
2
Let v be (-70)/(-6) - 2/(-6). Suppose n + 4*k = -25, 5*n - 3*k + v = 2. Let j(z) = z**3 + 6*z**2 + 2*z - 2. What is the tens digit of j(n)?
1
Suppose 0 = -4*j + 8, 2*v - 2*j - 71 = 187. What is the tens digit of v?
3
Suppose 2*p + 19 = 67. What is the tens digit of p?
2
Let l(d) = d**3 + 6*d**2 + 2*d + 4. Let c be ((-5)/(-3))/((-2)/6). Let o be l(c). Suppose -3*n + o = 2*b - 0*b, 4*n = 5*b + 10. What is the units digit of b?
2
Let q(v) = -3*v + 1. Let i be q(5). Suppose -5*o - 29 = -134. Let h = i + o. What is the units digit of h?
7
What is the tens digit of (-1)/2 + 628/8?
7
Let h(v) = -3*v**2 - v - 1. Suppose 4*r = -3 - 1. Let c be h(r). Let m = 4 + c. What is the units digit of m?
1
Let q(m) = 4*m**2 - 15*m - 12. Let t be q(-11). What is the units digit of t/21 + 2/(-6)?
0
Let u(v) = -v + 1. What is the units digit of u(-18)?
9
Suppose 6*l + 3*r = l + 35, 0 = l - 5*r - 35. Suppose 4*n - l = 6. What is the units digit of (-1 + 2)*n/2?
2
Let t = -5 - 0. Suppose -8 = 4*a - 0*a. Let u = a - t. What is the units digit of u?
3
Suppose 2*d - 1 - 7 = 0. What is the units digit of d + (-1 - -1) - -2?
6
Let h = -1 - -4. Suppose 0*q - y = 2*q - 8, 2*q = h*y - 8. What is the units digit of 7 + 2 + (0 - q)?
7
Let d(g) = g**3 - 4*g**2 + g - 2. Let k be 4/6*(3 + 3). Suppose k = 2*v - 4. What is the units digit of d(v)?
2
Suppose 66 = 4*h - 2*y, y = 3*y + 10. What is the units digit of ((-7)/h)/(2/(-20))?
5
Suppose 0 = -2*c - 1 + 11. Suppose c*g - g - 56 = 0. What is the units digit of g?
4
Suppose 2*f = -5*y - 7, 7*f + 31 = 2*f + y. Let i be 38/(-14) - f/(-21). What is the units digit of i/(-6)*(12 + 0)?
6
Let t(i) = -i - 13. Let d be t(-9). Let g = d - -9. What is the units digit of g?
5
Suppose 3*j - 12*j = -1224. What is the units digit of j?
6
Let i = 65 + -10. What is the tens digit of i?
5
Suppose -4*v - 12 + 32 = -2*s, -5*v + 4*s = -28. Suppose -3*c = -3, -v*n - 2*c = -7*n + 16. What is the units digit of n?
6
Let k be (-2 - 0)/((-1)/4). What is the units digit of (-32)/(-2) - k/8?
5
Let d be 2/((-8)/(-3))*-4. Let q be 2/(-8) - (-20)/16. What is the units digit of q/d + (-16)/(-3)?
5
Let y be (-89)/5 - 1/5. Let l be (-4)/y + (-68)/(-18). Suppose t + 0*t - 15 = -5*z, l*z - 60 = -4*t. What is the tens digit of t?
1
Let g = 1 + 2. Suppose g*x = x + 6. What is the units digit of x?
3
Suppose 3*f - 4 - 106 = -l, -4*l = -4*f + 120. What is the units digit of f?
5
Let g be (2 - 1)*(-12)/(-4). Let j be 1/(g/(-12))*-2. Suppose -70 = 3*z - j*z. What is the units digit of z?
4
Suppose -27*x + 28*x = 86. What is the tens digit of x?
8
Suppose 4*k = -2*q - 3 + 9, q - 10 = 5*k. Suppose -3*d + 75 = -3*h, 5*d + q*h + 46 = 161. What is the units digit of d?
4
Suppose -l = -6*l + 2*t, t = l + 3. Suppose -l*o - o - 147 = -4*r, 0 = -5*r + 3*o + 180. What is the units digit of r?
3
Let g(r) = -r**2 - 12*r - 6. Let k be g(-6). Suppose 2*c - k = -0*c. Let v = -10 + c. What is the units digit of v?
5
Suppose -3*n - 5*u = -226, 4*u - 288 = -4*n - 0*u. What is the tens digit of n?
6
Suppose -8*s + 11*s = 12. What is the units digit of s?
4
What is the hundreds digit of ((-306)/2)/(-1) + (-6 - -4)?
1
Suppose j - 4*h = -5*h + 5, 2*h = -4. Let t(r) = -r + 1 + 1 + 6. What is the units digit of t(j)?
1
Let a be 2 - (5*2 - 1). What is the units digit of 88/14 - (-2)/a?
6
Suppose 0 = 8*m + 43 - 875. What is the tens digit of m?
0
Let g = 83 + -40. Suppose 2*k = -3*o + g, -o - k + 25 = -3*k. What is the units digit of o?
7
Let v(p) = 17*p**2 - 4*p - 20. Let a(l) = 6*l**2 - l - 7. Let t(c) = -11*a(c) + 4*v(c). What is the units digit of t(-3)?
0
Let o = 19 - 13. Suppose 2*x = 2*t + 2, x + o*t - t = 19. What is the units digit of x?
4
Let b(m) = -m**2 - 7*m - 3. Let r be b(-6). Suppose 0 = -s - r + 5. What is the units digit of s?
2
Let x be (-5)/15 - 1/(-3). Let i(y) = -y**3 - y**2 - y - 2. Let c be i(x). What is the units digit of (-2)/(-3) - c/6?
1
Let r(g) = 3*g**2 + 6*g - 52. What is the hundreds digit of r(-9)?
1
Let u = 13 - 6. Suppose u = 2*j - n, -13 = -5*j + 2*n + 3. What is the units digit of j?
2
Let v = 15 + -11. Let l(r) = r + 5. What is the units digit of l(v)?
9
Let z(p) = -p**2 + p + 3. Let r be z(4). Let w(t) = -t**3 - 8*t**2 + 10*t + 13. Let v be w(r). What is the units digit of (-4)/(-3)*6/v?
2
Let p be 1 + (-4 + 1)/(-3). Suppose -5*u - 101 = -4*o, u - p*u = 1. What is the tens digit of o?
2
Suppose -6*o = -147 - 789. What is the units digit of o?
6
Suppose -33*z = -34*z + 246. What is the tens digit of z?
4
Let f = -25 + 23. What is the units digit of f/(-4) - 135/(-30)?
5
Let c be 30/9*(-9)/(-6). Suppose 12 = -c*b + 52. Suppose s = -s + b. What is the units digit of s?
4
Let u = 0 + 0. Let z(f) = 3*f - f + u*f - 7. What is the units digit of z(5)?
3
Let u = 34 + 8. Suppose 0*w + u = 2*w. What is the tens digit of w?
2
Let w = 4 - 0. Let b(y) = 2*y + 5. What is the tens digit of b(w)?
1
Let z = 116 + -163. Let s = -19 - z. What is the units digit of s?
8
Let g be 4/(-10) + 22/5. Let j(s) = -s**2 + s - 2 + 4*s + 0. What is the units digit of j(g)?
2
Let v(y) = y - 1. Let f be v(-1). Let x = f + 7. Suppose 0 = x*s + 5, 0 + 5 = j + s. What is the units digit of j?
6
Let p(o) = o - 3. Let b be 6/(-27) + (-86)/18. Let n = 9 + b. What is the units digit of p(n)?
1
Let n = 2 - -1. Suppose 5 = -o, 0*o = -3*k - n*o. Suppose p + 2*p + 3 = 3*m, 25 = k*m - p. What is the units digit of m?
6
Suppose 0*k = 8*k - 848. What is the hundreds digit of k?
1
Let w = -17 + 20. Suppose -w*l + 3*n = -54, 72 = 4*l - 6*n + n. What is the units digit of l?
8
Let n = 6 + -3. Suppose 39 = n*l - 15. What is the tens digit of l?
1
Let a be 15/(-6)*(-4 -